{"id":1313,"date":"2022-01-20T13:34:35","date_gmt":"2022-01-20T12:34:35","guid":{"rendered":"https:\/\/fredericchaine.com\/biographie\/"},"modified":"2026-03-20T21:40:22","modified_gmt":"2026-03-20T20:40:22","slug":"biographie","status":"publish","type":"page","link":"https:\/\/fredericchaine.com\/fr\/biographie\/","title":{"rendered":"Biographie"},"content":{"rendered":"\t\t<div data-elementor-type=\"wp-page\" data-elementor-id=\"1313\" class=\"elementor elementor-1313 elementor-336\" data-elementor-post-type=\"page\">\n\t\t\t\t\t\t<section class=\"elementor-section elementor-top-section elementor-element elementor-element-2cce7c39 elementor-section-boxed elementor-section-height-default elementor-section-height-default\" data-id=\"2cce7c39\" data-element_type=\"section\" data-e-type=\"section\">\n\t\t\t\t\t\t\t<div class=\"elementor-background-overlay\"><\/div>\n\t\t\t\t\t\t\t<div class=\"elementor-container elementor-column-gap-no\">\n\t\t\t\t\t<div class=\"elementor-column elementor-col-100 elementor-top-column elementor-element elementor-element-5c6d18b5\" data-id=\"5c6d18b5\" data-element_type=\"column\" data-e-type=\"column\">\n\t\t\t<div class=\"elementor-widget-wrap elementor-element-populated\">\n\t\t\t\t\t\t<div class=\"elementor-element elementor-element-508c0a0b elementor-widget elementor-widget-heading\" data-id=\"508c0a0b\" data-element_type=\"widget\" data-e-type=\"widget\" data-widget_type=\"heading.default\">\n\t\t\t\t<div class=\"elementor-widget-container\">\n\t\t\t\t\t<h2 class=\"elementor-heading-title elementor-size-default\">Biographie<\/h2>\t\t\t\t<\/div>\n\t\t\t\t<\/div>\n\t\t\t\t<div class=\"elementor-element elementor-element-4f42ddd elementor-widget-divider--separator-type-pattern elementor-widget-divider--view-line elementor-widget elementor-widget-divider\" data-id=\"4f42ddd\" data-element_type=\"widget\" data-e-type=\"widget\" data-widget_type=\"divider.default\">\n\t\t\t\t<div class=\"elementor-widget-container\">\n\t\t\t\t\t\t\t<div class=\"elementor-divider\" style=\"--divider-pattern-url: url(&quot;data:image\/svg+xml,%3Csvg xmlns=&#039;http:\/\/www.w3.org\/2000\/svg&#039; preserveAspectRatio=&#039;none&#039; overflow=&#039;visible&#039; height=&#039;100%&#039; viewBox=&#039;0 0 24 24&#039; fill=&#039;black&#039; stroke=&#039;none&#039;%3E%3Cpath d=&#039;M12.7,2.3c-0.4-0.4-1.1-0.4-1.5,0l-8,9.1c-0.3,0.4-0.3,0.9,0,1.2l8,9.1c0.4,0.4,1.1,0.4,1.5,0l8-9.1c0.3-0.4,0.3-0.9,0-1.2L12.7,2.3z&#039;\/%3E%3C\/svg%3E&quot;);\">\n\t\t\t<span class=\"elementor-divider-separator\">\n\t\t\t\t\t\t<\/span>\n\t\t<\/div>\n\t\t\t\t\t\t<\/div>\n\t\t\t\t<\/div>\n\t\t\t\t<section class=\"elementor-section elementor-inner-section elementor-element elementor-element-83aae67 elementor-section-boxed elementor-section-height-default elementor-section-height-default\" data-id=\"83aae67\" data-element_type=\"section\" data-e-type=\"section\">\n\t\t\t\t\t\t<div class=\"elementor-container elementor-column-gap-default\">\n\t\t\t\t\t<div class=\"elementor-column elementor-col-50 elementor-inner-column elementor-element elementor-element-1b1cfb2\" data-id=\"1b1cfb2\" data-element_type=\"column\" data-e-type=\"column\">\n\t\t\t<div class=\"elementor-widget-wrap elementor-element-populated\">\n\t\t\t\t\t\t<div class=\"elementor-element elementor-element-22b75c8 elementor-widget elementor-widget-text-editor\" data-id=\"22b75c8\" data-element_type=\"widget\" data-e-type=\"widget\" data-widget_type=\"text-editor.default\">\n\t\t\t\t<div class=\"elementor-widget-container\">\n\t\t\t\t\t\t\t\t\t<p>Fr\u00e9d\u00e9ric Chaine est un chef d\u2019orchestre et violoniste fran\u00e7ais. En 2022, il fonde l\u2019Ensemble Orchestral Europ\u00e9en dans le but de promouvoir les talents europ\u00e9ens et de faire d\u00e9couvrir la musique classique \u00e0 un large public.<\/p><p>Depuis sa cr\u00e9ation, l\u2019Ensemble Orchestral Europ\u00e9en a \u00e9t\u00e9 invit\u00e9 par le Sint-Jan Berchmanscollege et divers centres culturels de Belgique, notamment le Senghor, le Centre Culturel d\u2019Uccle et le Centre Culturel de Verviers. Sous la direction de Fr\u00e9d\u00e9ric Chaine, l\u2019ensemble a particip\u00e9 au festival de musique \u00ab Les Rendez-vous Musicaux \u00bb pendant deux ann\u00e9es cons\u00e9cutives et a eu l\u2019honneur de recevoir une invitation de la Pr\u00e9sidence belge du Conseil de l\u2019Union europ\u00e9enne pour se produire au Palais d\u2019Egmont \u00e0 Bruxelles en 2024.<\/p><p>Convaincu que la musique classique doit \u00eatre accessible \u00e0 un large public, Fr\u00e9d\u00e9ric Chaine cr\u00e9e et dirige r\u00e9guli\u00e8rement des concerts \u00e9ducatifs innovants \u00e0 travers la Belgique et la Suisse. Au cours des trois derni\u00e8res ann\u00e9es, plusieurs centres culturels bruxellois ont accueilli l\u2019ensemble lors des repr\u00e9sentations de \u00ab Mozart fait son show \u00bb, de \u00ab L\u2019Apprenti sorcier \u00bb et de \u00ab La Fl\u00fbte enchant\u00e9e \u00bb donn\u00e9es devant 3 500 enfants \u00e2g\u00e9s de 8 \u00e0 12 ans. D\u2019autre part, il a dirig\u00e9 en 2019 \u00ab Joue-la comme Mozart \u00bb au festival lausannois \u00ab Musique entre les lignes \u00bb.<\/p><p>Fr\u00e9d\u00e9ric Chaine croit au pouvoir b\u00e9n\u00e9fique du partage de la musique et s\u2019efforce de faire de la musique classique une partie int\u00e9grante de la culture contemporaine. Son but est d\u2019inciter les diff\u00e9rents publics \u00e0 la d\u00e9couvrir lors de concerts \u00e9ducatifs ou de projets r\u00e9unissant l\u2019orchestre et de brillants improvisateurs de jazz. En avril 2025, l\u2019ensemble a invit\u00e9 le grand violoniste de jazz Florin Niculescu lors de la cr\u00e9ation du concert \u00ab Hommage \u00e0 Django Reinhardt et St\u00e9phane Grappelli \u00bb, donn\u00e9 \u00e0 la Bourse de Bruxelles. M\u00ealant musique classique et jazz, le programme pr\u00e9sentait des standards de ce duo l\u00e9gendaire, arrang\u00e9s par Fr\u00e9d\u00e9ric Chaine pour orchestre \u00e0 cordes et quartet de jazz soliste.<\/p><p>Fr\u00e9d\u00e9ric Chaine est un ambassadeur de la musique d\u2019Henry Vieuxtemps. Il a \u00e9t\u00e9 invit\u00e9 par la ville de Verviers (ville natale) pour diriger la cr\u00e9ation de la \u00ab Fantaisie pour violon, voix et orchestre \u00bb, une \u0153uvre in\u00e9dite du compositeur belge. La premi\u00e8re ex\u00e9cution de la Fantaisie avec orchestre a eu lieu le 30 mars 2025 \u00e0 l&rsquo;\u00e9glise Saint-Remacle de Verviers.<br>Pour ce concert, la soprano Faustine Egiziano et le violoniste Vilmos Csikos \u00e9taient accompagn\u00e9s par l&rsquo;Ensemble Orchestral Europ\u00e9en et l&rsquo;Orchestre du Koninklijk Conservatorium Brussel, sous la direction de Fr\u00e9d\u00e9ric Chaine.<\/p><p>N\u00e9 en 1992 \u00e0 Avignon, Fr\u00e9d\u00e9ric Chaine a commenc\u00e9 ses \u00e9tudes de direction d\u2019orchestre \u00e0 l\u2019Ecole Normale de Musique de Paris dans la classe de Dominique Rouits et de Julien Masmondet avant de continuer \u00e0 Lille dans la classe de Jean S\u00e9bastien B\u00e9reau.<\/p><p>Ensuite il int\u00e8gre la Haute Ecole de Musique de Lausanne dans la classe de Aur\u00e9lien Azan Zielinski et de Philippe B\u00e9ran o\u00f9 il obtient un master de direction d\u2019orchestre avec les f\u00e9licitations du jury. Lors de master classes, il re\u00e7oit les conseils de Jorma Panula, Bertrand de Billy, Johannes Schlaefli, Etienne Siebens, Grant Llewellyn, Samuel Jean, William Blank et Leonid Grin.<\/p><p>Fr\u00e9d\u00e9ric Chaine a \u00e9t\u00e9 demi-finaliste des concours internationaux de direction d\u2019orchestre \u00ab Orchestra\u2019s Conductor \u00bb et de \u00ab l\u2019Universit\u00e9 d\u2019Alm\u00e9ria \u00bb. Lors du projet \u00ab With a Smile \u00bb avec l\u2019Orchestre National de Lyon, il a \u00e9t\u00e9 le chef assistant de Frank Strobel. Il a \u00e9galement assist\u00e9 J\u00e9r\u00f4me Pillement avec l\u2019Orchestre National Avignon Provence lors du concert hommage \u00e0 Michel Legrand.<\/p>\t\t\t\t\t\t\t\t<\/div>\n\t\t\t\t<\/div>\n\t\t\t\t\t<\/div>\n\t\t<\/div>\n\t\t\t\t<div class=\"elementor-column elementor-col-50 elementor-inner-column elementor-element elementor-element-cd3717b\" data-id=\"cd3717b\" data-element_type=\"column\" data-e-type=\"column\">\n\t\t\t<div class=\"elementor-widget-wrap elementor-element-populated\">\n\t\t\t\t\t\t<div class=\"elementor-element elementor-element-649c357 elementor-widget elementor-widget-image\" data-id=\"649c357\" data-element_type=\"widget\" data-e-type=\"widget\" data-widget_type=\"image.default\">\n\t\t\t\t<div class=\"elementor-widget-container\">\n\t\t\t\t\t\t\t\t\t\t\t\t\t\t\t<img fetchpriority=\"high\" decoding=\"async\" width=\"683\" height=\"1024\" src=\"https:\/\/fredericchaine.com\/wp-content\/uploads\/2023\/09\/Page-Biographie-francais-et-anglais-683x1024.jpg\" class=\"attachment-large size-large wp-image-2501\" alt=\"\" srcset=\"https:\/\/fredericchaine.com\/wp-content\/uploads\/2023\/09\/Page-Biographie-francais-et-anglais-683x1024.jpg 683w, https:\/\/fredericchaine.com\/wp-content\/uploads\/2023\/09\/Page-Biographie-francais-et-anglais-200x300.jpg 200w, https:\/\/fredericchaine.com\/wp-content\/uploads\/2023\/09\/Page-Biographie-francais-et-anglais-768x1152.jpg 768w, https:\/\/fredericchaine.com\/wp-content\/uploads\/2023\/09\/Page-Biographie-francais-et-anglais-1024x1536.jpg 1024w, https:\/\/fredericchaine.com\/wp-content\/uploads\/2023\/09\/Page-Biographie-francais-et-anglais.jpg 1365w\" sizes=\"(max-width: 683px) 100vw, 683px\" \/>\t\t\t\t\t\t\t\t\t\t\t\t\t\t\t<\/div>\n\t\t\t\t<\/div>\n\t\t\t\t\t<\/div>\n\t\t<\/div>\n\t\t\t\t\t<\/div>\n\t\t<\/section>\n\t\t\t\t\t<\/div>\n\t\t<\/div>\n\t\t\t\t\t<\/div>\n\t\t<\/section>\n\t\t\t\t<\/div>\n\t\t","protected":false},"excerpt":{"rendered":"<p>Biographie Fr\u00e9d\u00e9ric Chaine est un chef d\u2019orchestre et violoniste fran\u00e7ais. En 2022, il fonde l\u2019Ensemble Orchestral Europ\u00e9en dans le but de promouvoir les talents europ\u00e9ens et de faire d\u00e9couvrir la musique classique \u00e0 un large public. Depuis sa cr\u00e9ation, l\u2019Ensemble Orchestral Europ\u00e9en a \u00e9t\u00e9 invit\u00e9 par le Sint-Jan Berchmanscollege et divers centres culturels de Belgique, [&hellip;]<\/p>\n","protected":false},"author":1,"featured_media":1252,"parent":0,"menu_order":0,"comment_status":"closed","ping_status":"closed","template":"elementor_header_footer","meta":{"footnotes":""},"class_list":["post-1313","page","type-page","status-publish","has-post-thumbnail","hentry"],"_links":{"self":[{"href":"https:\/\/fredericchaine.com\/fr\/wp-json\/wp\/v2\/pages\/1313","targetHints":{"allow":["GET"]}}],"collection":[{"href":"https:\/\/fredericchaine.com\/fr\/wp-json\/wp\/v2\/pages"}],"about":[{"href":"https:\/\/fredericchaine.com\/fr\/wp-json\/wp\/v2\/types\/page"}],"author":[{"embeddable":true,"href":"https:\/\/fredericchaine.com\/fr\/wp-json\/wp\/v2\/users\/1"}],"replies":[{"embeddable":true,"href":"https:\/\/fredericchaine.com\/fr\/wp-json\/wp\/v2\/comments?post=1313"}],"version-history":[{"count":66,"href":"https:\/\/fredericchaine.com\/fr\/wp-json\/wp\/v2\/pages\/1313\/revisions"}],"predecessor-version":[{"id":3400,"href":"https:\/\/fredericchaine.com\/fr\/wp-json\/wp\/v2\/pages\/1313\/revisions\/3400"}],"wp:featuredmedia":[{"embeddable":true,"href":"https:\/\/fredericchaine.com\/fr\/wp-json\/wp\/v2\/media\/1252"}],"wp:attachment":[{"href":"https:\/\/fredericchaine.com\/fr\/wp-json\/wp\/v2\/media?parent=1313"}],"curies":[{"name":"wp","href":"https:\/\/api.w.org\/{rel}","templated":true}]}}

<div data-elementor-type="wp-page" data-elementor-id="1313" class="elementor elementor-1313 elementor-336" data-elementor-post-type="page">
						<section class="elementor-section elementor-top-section elementor-element elementor-element-2cce7c39 elementor-section-boxed elementor-section-height-default elementor-section-height-default" data-id="2cce7c39" data-element_type="section" data-e-type="section">
							<div class="elementor-background-overlay"></div>
							<div class="elementor-container elementor-column-gap-no">
					<div class="elementor-column elementor-col-100 elementor-top-column elementor-element elementor-element-5c6d18b5" data-id="5c6d18b5" data-element_type="column" data-e-type="column">
			<div class="elementor-widget-wrap elementor-element-populated">
						<div class="elementor-element elementor-element-508c0a0b elementor-widget elementor-widget-heading" data-id="508c0a0b" data-element_type="widget" data-e-type="widget" data-widget_type="heading.default">
				<div class="elementor-widget-container">
					<h2 class="elementor-heading-title elementor-size-default">Biographie</h2>				</div>
				</div>
				<div class="elementor-element elementor-element-4f42ddd elementor-widget-divider--separator-type-pattern elementor-widget-divider--view-line elementor-widget elementor-widget-divider" data-id="4f42ddd" data-element_type="widget" data-e-type="widget" data-widget_type="divider.default">
				<div class="elementor-widget-container">
							<div class="elementor-divider" style="--divider-pattern-url: url(&quot;data:image/svg+xml,%3Csvg xmlns=&#039;http://www.w3.org/2000/svg&#039; preserveAspectRatio=&#039;none&#039; overflow=&#039;visible&#039; height=&#039;100%&#039; viewBox=&#039;0 0 24 24&#039; fill=&#039;black&#039; stroke=&#039;none&#039;%3E%3Cpath d=&#039;M12.7,2.3c-0.4-0.4-1.1-0.4-1.5,0l-8,9.1c-0.3,0.4-0.3,0.9,0,1.2l8,9.1c0.4,0.4,1.1,0.4,1.5,0l8-9.1c0.3-0.4,0.3-0.9,0-1.2L12.7,2.3z&#039;/%3E%3C/svg%3E&quot;);">
			<span class="elementor-divider-separator">
						</span>
		</div>
						</div>
				</div>
				<section class="elementor-section elementor-inner-section elementor-element elementor-element-83aae67 elementor-section-boxed elementor-section-height-default elementor-section-height-default" data-id="83aae67" data-element_type="section" data-e-type="section">
						<div class="elementor-container elementor-column-gap-default">
					<div class="elementor-column elementor-col-50 elementor-inner-column elementor-element elementor-element-1b1cfb2" data-id="1b1cfb2" data-element_type="column" data-e-type="column">
			<div class="elementor-widget-wrap elementor-element-populated">
						<div class="elementor-element elementor-element-22b75c8 elementor-widget elementor-widget-text-editor" data-id="22b75c8" data-element_type="widget" data-e-type="widget" data-widget_type="text-editor.default">
				<div class="elementor-widget-container">
									<p>Frédéric Chaine est un chef d’orchestre et violoniste français. En 2022, il fonde l’Ensemble Orchestral Européen dans le but de promouvoir les talents européens et de faire découvrir la musique classique à un large public.</p><p>Depuis sa création, l’Ensemble Orchestral Européen a été invité par le Sint-Jan Berchmanscollege et divers centres culturels de Belgique, notamment le Senghor, le Centre Culturel d’Uccle et le Centre Culturel de Verviers. Sous la direction de Frédéric Chaine, l’ensemble a participé au festival de musique « Les Rendez-vous Musicaux » pendant deux années consécutives et a eu l’honneur de recevoir une invitation de la Présidence belge du Conseil de l’Union européenne pour se produire au Palais d’Egmont à Bruxelles en 2024.</p><p>Convaincu que la musique classique doit être accessible à un large public, Frédéric Chaine crée et dirige régulièrement des concerts éducatifs innovants à travers la Belgique et la Suisse. Au cours des trois dernières années, plusieurs centres culturels bruxellois ont accueilli l’ensemble lors des représentations de « Mozart fait son show », de « L’Apprenti sorcier » et de « La Flûte enchantée » données devant 3 500 enfants âgés de 8 à 12 ans. D’autre part, il a dirigé en 2019 « Joue-la comme Mozart » au festival lausannois « Musique entre les lignes ».</p><p>Frédéric Chaine croit au pouvoir bénéfique du partage de la musique et s’efforce de faire de la musique classique une partie intégrante de la culture contemporaine. Son but est d’inciter les différents publics à la découvrir lors de concerts éducatifs ou de projets réunissant l’orchestre et de brillants improvisateurs de jazz. En avril 2025, l’ensemble a invité le grand violoniste de jazz Florin Niculescu lors de la création du concert « Hommage à Django Reinhardt et Stéphane Grappelli », donné à la Bourse de Bruxelles. Mêlant musique classique et jazz, le programme présentait des standards de ce duo légendaire, arrangés par Frédéric Chaine pour orchestre à cordes et quartet de jazz soliste.</p><p>Frédéric Chaine est un ambassadeur de la musique d’Henry Vieuxtemps. Il a été invité par la ville de Verviers (ville natale) pour diriger la création de la « Fantaisie pour violon, voix et orchestre », une œuvre inédite du compositeur belge. La première exécution de la Fantaisie avec orchestre a eu lieu le 30 mars 2025 à l&rsquo;église Saint-Remacle de Verviers.<br>Pour ce concert, la soprano Faustine Egiziano et le violoniste Vilmos Csikos étaient accompagnés par l&rsquo;Ensemble Orchestral Européen et l&rsquo;Orchestre du Koninklijk Conservatorium Brussel, sous la direction de Frédéric Chaine.</p><p>Né en 1992 à Avignon, Frédéric Chaine a commencé ses études de direction d’orchestre à l’Ecole Normale de Musique de Paris dans la classe de Dominique Rouits et de Julien Masmondet avant de continuer à Lille dans la classe de Jean Sébastien Béreau.</p><p>Ensuite il intègre la Haute Ecole de Musique de Lausanne dans la classe de Aurélien Azan Zielinski et de Philippe Béran où il obtient un master de direction d’orchestre avec les félicitations du jury. Lors de master classes, il reçoit les conseils de Jorma Panula, Bertrand de Billy, Johannes Schlaefli, Etienne Siebens, Grant Llewellyn, Samuel Jean, William Blank et Leonid Grin.</p><p>Frédéric Chaine a été demi-finaliste des concours internationaux de direction d’orchestre « Orchestra’s Conductor » et de « l’Université d’Alméria ». Lors du projet « With a Smile » avec l’Orchestre National de Lyon, il a été le chef assistant de Frank Strobel. Il a également assisté Jérôme Pillement avec l’Orchestre National Avignon Provence lors du concert hommage à Michel Legrand.</p>								</div>
				</div>
					</div>
		</div>
				<div class="elementor-column elementor-col-50 elementor-inner-column elementor-element elementor-element-cd3717b" data-id="cd3717b" data-element_type="column" data-e-type="column">
			<div class="elementor-widget-wrap elementor-element-populated">
						<div class="elementor-element elementor-element-649c357 elementor-widget elementor-widget-image" data-id="649c357" data-element_type="widget" data-e-type="widget" data-widget_type="image.default">
				<div class="elementor-widget-container">
															<img fetchpriority="high" decoding="async" width="683" height="1024" src="https://fredericchaine.com/wp-content/uploads/2023/09/Page-Biographie-francais-et-anglais-683x1024.jpg" class="attachment-large size-large wp-image-2501" alt="" srcset="https://fredericchaine.com/wp-content/uploads/2023/09/Page-Biographie-francais-et-anglais-683x1024.jpg 683w, https://fredericchaine.com/wp-content/uploads/2023/09/Page-Biographie-francais-et-anglais-200x300.jpg 200w, https://fredericchaine.com/wp-content/uploads/2023/09/Page-Biographie-francais-et-anglais-768x1152.jpg 768w, https://fredericchaine.com/wp-content/uploads/2023/09/Page-Biographie-francais-et-anglais-1024x1536.jpg 1024w, https://fredericchaine.com/wp-content/uploads/2023/09/Page-Biographie-francais-et-anglais.jpg 1365w" sizes="(max-width: 683px) 100vw, 683px" />															</div>
				</div>
					</div>
		</div>
					</div>
		</section>
					</div>
		</div>
					</div>
		</section>
				</div>

<p>Biographie Frédéric Chaine est un chef d’orchestre et violoniste français. En 2022, il fonde l’Ensemble Orchestral Européen dans le but de promouvoir les talents européens et de faire découvrir la musique classique à un large public. Depuis sa création, l’Ensemble Orchestral Européen a été invité par le Sint-Jan Berchmanscollege et divers centres culturels de Belgique, [&hellip;]</p>
